{"id":91,"date":"2021-03-08T12:35:12","date_gmt":"2021-03-08T12:35:12","guid":{"rendered":"http:\/\/www.vodoprivreda.hr\/novi\/?page_id=91"},"modified":"2023-10-16T12:13:10","modified_gmt":"2023-10-16T11:13:10","slug":"politika-kvalitete-i-okolisa","status":"publish","type":"page","link":"https:\/\/www.vodoprivreda.hr\/novi\/politika-kvalitete-i-okolisa\/","title":{"rendered":"Kvaliteta i okoli\u0161"},"content":{"rendered":"\n<p>Politika kvalitete i okoli\u0161a je dio dugoro\u010dne politike tvrtke Vodoprivreda Nova Gradi\u0161ka d.d. s ciljem primjene svih zakonskih obaveza, ugovornih zahtjeva, za\u0161tite zdravlja i sigurnosti ljudi, imovine i okoli\u0161a. Za ostvarenje ovih ciljeva nu\u017ean je puni anga\u017eman svih zaposlenih u tvrtki pa se zbog toga zasniva na sljede\u0107im na\u010delima :<\/p>\n\n\n\n<ul>\n<li>Kupac-investitor je najva\u017eniji faktor u ostvarivanju politike i ciljeva kvalitete. Kupac definira zahtjeve kvalitete, i odre\u0111uje ispunjava li na\u0161 proizvod te zahtjeve. Zbog toga svoj odnos prema kupcu gradimo prema me\u0111usobnom povjerenju i u\u010dinkovitom rje\u0161avanju problema.<\/li>\n\n\n\n<li>U svojim aktivnostima i radnim procesima pratimo i uskla\u0111ujemo zakonsku regulativu za za\u0161titu okoli\u0161a te nastojimo sagledati sve aspekte radnog procesa i njegov utjecaj na okoli\u0161. Posebnu pa\u017enju posve\u0107ujemo sprje\u010davanju one\u010di\u0161\u0107enja i racionalnom kori\u0161tenju izvora energije i sirovina.<\/li>\n\n\n\n<li>Dobavlja\u010di i kooperanti su zna\u010dajan element u postizanju kvalitete na\u0161ih proizvoda. Zbog toga posebnu va\u017enost posve\u0107ujemo izboru dobavlja\u010da i kooperanata.<\/li>\n\n\n\n<li>Uprava je ovla\u0161tena i odgovorna za provo\u0111enje politike i ciljeva kvalitete i za\u0161tite okoli\u0161a te poti\u010de sve zamisli i prijedloge s ciljem stalnog razvoja i pobolj\u0161anja sustava i na\u0161ih procesa .<\/li>\n\n\n\n<li>Zaposlenici su temeljni resurs i realizator sustava upravljanja kvalitetom i za\u0161tite okoli\u0161a. Oni izravno svojim osobnim znanjem i zalaganjem ostvaruju pojedine ciljeve. Svaki zaposlenik, u okviru svojih ovla\u0161tenja, odgovoran je za kvalitetu rada i za\u0161titu okoli\u0161a. Stoga je osposobljavanje i promicanje spoznaje o kvaliteti i za\u0161titi okoli\u0161a te postizanje zadovoljstva zaposlenika trajna zada\u0107a rukovodstva.<\/li>\n<\/ul>\n\n\n\n<p>Nova Gradi\u0161ka , 30.9.2023.<\/p>\n\n\n\n<p>Direktor : Tomislav Blazina <\/p>\n","protected":false},"excerpt":{"rendered":"<p>Politika kvalitete i okoli\u0161a je dio dugoro\u010dne politike tvrtke Vodoprivreda Nova Gradi\u0161ka d.d. s ciljem primjene svih zakonskih obaveza, ugovornih zahtjeva, za\u0161tite zdravlja i sigurnosti ljudi, imovine i okoli\u0161a. Za ostvarenje ovih ciljeva nu\u017ean je puni anga\u017eman svih zaposlenih u tvrtki pa se zbog toga zasniva na sljede\u0107im na\u010delima : Nova Gradi\u0161ka , 30.9.2023. Direktor&hellip;<\/p>\n<p class=\"more-link\"><a href=\"https:\/\/www.vodoprivreda.hr\/novi\/politika-kvalitete-i-okolisa\/\" class=\"themebutton2\">Read More<\/a><\/p>\n","protected":false},"author":1,"featured_media":218,"parent":0,"menu_order":0,"comment_status":"closed","ping_status":"closed","template":"","meta":{"footnotes":""},"_links":{"self":[{"href":"https:\/\/www.vodoprivreda.hr\/novi\/wp-json\/wp\/v2\/pages\/91"}],"collection":[{"href":"https:\/\/www.vodoprivreda.hr\/novi\/wp-json\/wp\/v2\/pages"}],"about":[{"href":"https:\/\/www.vodoprivreda.hr\/novi\/wp-json\/wp\/v2\/types\/page"}],"author":[{"embeddable":true,"href":"https:\/\/www.vodoprivreda.hr\/novi\/wp-json\/wp\/v2\/users\/1"}],"replies":[{"embeddable":true,"href":"https:\/\/www.vodoprivreda.hr\/novi\/wp-json\/wp\/v2\/comments?post=91"}],"version-history":[{"count":4,"href":"https:\/\/www.vodoprivreda.hr\/novi\/wp-json\/wp\/v2\/pages\/91\/revisions"}],"predecessor-version":[{"id":243,"href":"https:\/\/www.vodoprivreda.hr\/novi\/wp-json\/wp\/v2\/pages\/91\/revisions\/243"}],"wp:featuredmedia":[{"embeddable":true,"href":"https:\/\/www.vodoprivreda.hr\/novi\/wp-json\/wp\/v2\/media\/218"}],"wp:attachment":[{"href":"https:\/\/www.vodoprivreda.hr\/novi\/wp-json\/wp\/v2\/media?parent=91"}],"curies":[{"name":"wp","href":"https:\/\/api.w.org\/{rel}","templated":true}]}}